 r is divided by 12?
11
Suppose -4*v + 16 = -8. Let k = 1 + v. What is the remainder when 13 is divided by k?
6
Suppose 3*v - 50 = -2*v. Let k = -84 + 127. Let i = k - 16. What is the remainder when i is divided by v?
7
Suppose -3*b = 2*b - 80. What is the remainder when 46 is divided by b?
14
Let m(u) = -u**2 + 12*u - 15. Calculate the remainder when 21 is divided by m(10).
1
Suppose -4*q - q - 5*h = 50, 0 = 2*q - 3*h + 10. Let l = q - -10. What is the remainder when 3 is divided by l?
1
Suppose -2 = 7*x - 8*x. Suppose 99 = -q + x*q. Let t = -70 + q. What is the remainder when t is divided by 16?
13
Let s(z) = z + 5. Suppose -q + 54 = q. Calculate the remainder when q is divided by s(5).
7
Suppose 6*y - 108 = -3*y. Let f = 9 - 0. Let o = y + f. What is the remainder when o is divided by 11?
10
Suppose -2*k = -3*k + 14. Let t = k - -19. Calculate the remainder when 64 is divided by t.
31
Let u = -10 + 23. Let m = 19 - -8. Let i = m - -10. What is the remainder when i is divided by u?
11
Suppose -3*a = -a - 2*z - 16, -3*a + z + 32 = 0. What is the remainder when 46 is divided by a?
10
Let m(n) = -n + 2. Suppose 3*u + 11 + 10 = 0. What is the remainder when 24 is divided by m(u)?
6
Let a(k) = k**3 + 8*k**2 - 26*k - 15. Suppose -4*y - 131 = -5*u, 3*u - 5*y - 66 = u. Calculate the remainder when a(-10) is divided by u.
22
Let q(h) = -h**3 + 2*h - 1. Let y be q(-3). Let p be (25/y)/(1/4). Suppose w - 15 - 19 = -4*v, p*w = 2*v - 28. What is the remainder when 26 is divided by v?
8
Let m = -11 + 15. Calculate the remainder when 7 + (-4)/(-8)*m is divided by 6.
3
Let u(i) = i**3 + 9*i**2 + 6*i - 13. Calculate the remainder when 4 is divided by u(-8).
1
Let f = -28 + -7. Let k = f + 49. What is the remainder when 27 is divided by k?
13
Let u be ((-1)/2)/(1/(-2)). Suppose -g - u = -4. Calculate the remainder when 2 is divided by 15/6 - g/6.
0
Suppose -f + 28 = -3*f. Suppose -2*m - 2*l + 39 = 7, 4*l = 2*m - 44. What is the remainder when m is divided by (-4)/14 - 144/f?
8
Let o = -3 - -4. Let s be (2 - o)*(-31 - -1). Let v = -6 - s. Calculate the remainder when v is divided by 13.
11
Let m be (0 + 27/(-1))/(-1). Suppose -p - m = -2*p. Calculate the remainder when p is divided by (-28)/(-8)*(-5 + 9).
13
Let z(x) = 9*x - 3. Let b(l) = -2*l - 1. What is the remainder when z(6) is divided by b(-7)?
12
Let d(i) = i**3 + 5*i**2 + 4*i + 3. Calculate the remainder when ((-1)/(-3))/((-1)/(-12)) is divided by d(-4).
1
Let h = -2 - -3. Let c be (20/(-4))/(h/(-1)). Suppose -4*i = -c*i + 8. What is the remainder when 23 is divided by i?
7
Suppose -3*c - 2*b - 2*b = 34, -5*b - 29 = 3*c. What is the remainder when 44 is divided by (30/(-9))/(4/c)?
14
Let z(g) = 4*g - 5. Let b be z(5). What is the remainder when 22 is divided by 1/5 + 117/b?
6
Suppose 25 = 3*c - 3*z - 8, -z - 25 = -3*c. What is the remainder when 27 is divided by c?
6
Suppose -3*c + 24 = -k - 155, -5*c = -k - 295. Calculate the remainder when c is divided by 10.
8
Let b = 6 - 3. Suppose -v + 11 = b. Suppose -m + 11 = -3*u + 4*m, 0 = -u - 4*m + 19. Calculate the remainder when v is divided by u.
2
Let r(z) = 2*z**3 + z**2 - 2*z. Let i be r(-2). Let m = 75 + -78. Let j = m - i. What is the remainder when 9 is divided by j?
4
Suppose 0*z + 3*z = -3*k + 78, 5*z - 142 = -2*k. Let p = -8 - -16. Calculate the remainder when z is divided by p.
6
Let t(q) = -q**3 + q**2. Let m(a) = 6*a**2 + 3*a + 2. Let v(b) = -m(b) + 4*t(b). What is the remainder when v(-2) is divided by 15?
13
Let r = 34 + -7. What is the remainder when r is divided by 14?
13
Let z = 123 + -85. Let m = 24 + -14. Calculate the remainder when z is divided by m.
8
Suppose -5*o = 5*a + 19 - 149, -2*o + a + 49 = 0. What is the remainder when o is divided by 10?
5
Suppose -n = -2*c + 220 - 70, 300 = 4*c + 4*n. Suppose h - c = -4*h. What is the remainder when h is divided by 8?
7
Suppose 26 = m + m - 5*k, -m + 15 = -2*k. Calculate the remainder when 45 is divided by m.
22
Suppose 3*v + 5 = 17. Suppose 34 - v = 5*c. Calculate the remainder when 9 is divided by c.
3
Let o = -126 - -137. Calculate the remainder when 63 is divided by o.
8
Let h = -152 - -92. Let c = -39 - h. Suppose 2*p = -4*a - 41 + 195, -5*a + 209 = -3*p. What is the remainder when a is divided by c?
19
Suppose 3*c = 9 + 42. Calculate the remainder when 27 is divided by c.
10
Suppose 117 = 4*s - 139. Suppose 2*t = -2*t + s. Calculate the remainder when 2 - (2 - 28 - 2) is divided by t.
14
Suppose -2*l - 2*l + 8 = 0. Let m = -4 - -7. Suppose 0 = -2*w - m*d + 16, 7 = 4*w - d + 3. Calculate the remainder when l is divided by w.
0
Let w be ((-2)/(-3))/(6/45). Suppose 0 = -0*m - 5*m + w. Calculate the remainder when m is divided by 1.
0
Let x = -97 - -129. Suppose 3*k = -5*s + 13, -5*s = 2*k - 1 - 1. Calculate the remainder when x is divided by k.
10
Calculate the remainder when 2*(2 + 13/2) is divided by 4.
1
Suppose 0 = w + 2 - 40. Suppose -3*t = -h - 20, 3*h - w = t - 6*t. What is the remainder when 19 is divided by t?
5
Suppose -a + 94 = -v, -5*a + 3*v = 183 - 655. What is the remainder when a is divided by 24?
23
Let p(u) = -u**3 - 2*u**2 + 4 - 5 + 2. What is the remainder when 1 is divided by p(-2)?
0
Let z(x) = -x**3 + 8*x**2 - 7*x - 7. What is the remainder when z(5) is divided by 9?
6
Suppose 4*a - 155 = -a. What is the remainder when a is divided by 8?
7
Suppose i = 8*i - 56. Calculate the remainder when 22 is divided by i.
6
Suppose -4*g + 8*g = 44. Suppose 4*x = 3*x + 41. Calculate the remainder when x is divided by g.
8
Let a = 253 - 79. Calculate the remainder when a is divided by 59.
56
Let l be (-3)/(-2)*(1 - -1). Suppose -33 = -t - 3*j, l*t + 3*j - 40 = 35. Calculate the remainder when t is divided by 6.
3
Let j = -3 + 0. Let v = 0 - j. What is the remainder when 204/8*4/v is divided by 12?
10
Let w = -19 + 36. Calculate the remainder when 66 is divided by w.
15
Suppose -5*z + 134 - 29 = 0. Let g = 32 - z. Calculate the remainder when g is divided by 2.
1
What is the remainder when 11 is divided by (-2 + 1/2)*-4?
5
Let d = -13 - -18. Suppose 0*g - d*g - 253 = 3*x, 3*x - 247 = 5*g. Let b = 97 + g. Calculate the remainder when b is divided by 12.
11
Let n = 1 - 0. Let j(g) = 4*g + 1. Let p be j(-6). Calculate the remainder when n - 2 - (p + 1) is divided by 11.
10
Let w(b) = -4*b - 4. What is the remainder when (-6)/(-10)*275/5 is divided by w(-4)?
9
Let p(v) = 3*v**2 - 16*v + 25. What is the remainder when p(9) is divided by 42?
40
Suppose 0 = -5*m + 2*m + 9. Suppose 3*f = t - 2*t - 66, -m*t = f + 14. Let p = 41 + f. What is the remainder when 35 is divided by p?
17
Let s = -20 - 24. Let h = -10 - s. Calculate the remainder when h is divided by (4/(-1))/(1/(-3)).
10
Suppose -o = 3 - 6. Suppose 0 = a + i - 10, 3*a - 14 = 8*i - o*i. Calculate the remainder when 15 is divided by a.
7
Let s be (4/(-4))/(1/(-545)). Suppose s = 5*l + 5*b, 3*l = 5*l - b - 230. What is the remainder when l is divided by 29?
26
Let y(z) = 3*z + 1. Let g be y(-3). What is the remainder when (g/20)/(3/(-240)) is divided by 17?
15
Suppose 4*c = -4*x - 1 + 33, 0 = 5*c + 4*x - 38. Calculate the remainder when 22 is divided by c.
4
Let f(g) = 4*g**2 - 10*g + 1. Let z(l) = -5*l**2 + 11*l - 1. Let q(h) = -4*f(h) - 3*z(h). What is the remainder when 39/2*(-20)/(-15) is divided by q(5)?
8
Let f(x) = x**2 - 22*x + 45. Calculate the remainder when f(24) is divided by 19.
17
Let c(d) = -d**3 - 4*d**2 - 4*d - 3. Calculate the remainder when (-2 + 1 - -2)*38 is divided by c(-4).
12
Let t(y) = y**2 + 6*y + 8. What is the remainder when ((-1)/3)/((-2)/354) is divided by t(-7)?
14
Suppose -3*s + 60 = -0*s. Let g(i) = -2*i**3 - 3*i - 4. Calculate the remainder when g(-3) is divided by s.
19
Suppose -28 = -i - 0*i + 2*o, -4*o - 74 = -3*i. Calculate the remainder when 88 is divided by i.
16
Suppose 5*r + f - 59 = 0, -8 - 33 = -3*r - 2*f. What is the remainder when 32 is divided by r?
10
Suppose -z = -5*y - 6*z + 55, -5*z = -4*y + 80. Calculate the remainder when y is divided by 4.
3
Let i = 100 - 66. Let f be (-2)/8 + i/8. Suppose d = f*d - 135. Calculate the remainder when d is divided by 23.
22
Suppose 4*j + j - 185 = 0. Calculate the remainder when 71 is divided by j.
34
Let r = -6 + 8. Suppose -90 = r*z - 7*z + 